 Suppose -4*m + 5*x = 13, -5*m + 8 = -5*x + 18. Let h(n) = n**2 + n - 1. Calculate the remainder when t is divided by h(m).
10
Let a(g) = g**2 + g + 2. Suppose -4*b = -2*b + 2*o + 2, -2*o = 10. What is the remainder when a(b) is divided by 6?
4
Suppose 4*c = -6*c + 110. Let p(j) = 4*j**2 - 6*j + 2. Calculate the remainder when p(4) is divided by c.
9
Suppose 0 = -4*i + 3*o - 3, 2*i - 6*o + 14 = -2*o. Suppose 1 = 2*s + i. Calculate the remainder when (-20)/(-8) + s/(-2) is divided by 2.
1
Let q = 36 + 7. Let b(y) = 2*y**2 - y. Let l = 9 + -6. What is the remainder when q is divided by b(l)?
13
Let j be (2 - 5/2)*-2. Calculate the remainder when 1 is divided by (j - 3/6)*2.
0
Let k be (5 - 3)*(-9)/(-6). Calculate the remainder when 315/(-7)*(-7)/k is divided by 27.
24
Let r(p) = p**2 + 3*p + 9. Let k(t) = t**3 - 7*t**2 + 2*t - 4. Calculate the remainder when r(-7) is divided by k(7).
7
Let j(n) = -n**2 + 32*n - 10. Calculate the remainder when j(28) is divided by (-128)/(-5) + (-2)/(-5).
24
Suppose 21*o - 31 = 20*o. Calculate the remainder when o is divided by 0/(-2)*-1 - -8.
7
Let f = 78 - 36. Calculate the remainder when f is divided by (4/6)/((-1)/(-33)).
20
Suppose 2*r - 266 = -17*r. Calculate the remainder when 40 is divided by r.
12
Suppose -2*i - 2 + 8 = 0. Let w = i + 2. What is the remainder when 13 is divided by w?
3
Suppose 0 = 3*g + 2*g. Let v be 2 - (2 - (3 + g)). Suppose 3*t = h + v, 0 = -t - t + 4. Calculate the remainder when h is divided by 2.
1
Suppose 0 = -2*n + 12 - 2. Let j = 23 + -11. Suppose n*c = -y + 36, 3*c - j = -2*y - y. Calculate the remainder when 23 is divided by c.
7
Let u = -14 + 23. Suppose -s - 4*y = -u - 7, 0 = -s + 5*y + 16. What is the remainder when s is divided by 9?
7
Let r = -37 + 45. Calculate the remainder when 15 is divided by r.
7
Suppose 0 = 2*d + 8 - 70. What is the remainder when d is divided by 17?
14
Suppose 3 = -h - 1. Suppose -60 + 8 = -4*g. Let p = g - h. Calculate the remainder when 50 is divided by p.
16
Let c(r) = r**2 + r - 1. Let g be -12 + 12 - 3/(-1). Suppose -q + o + 33 = 0, -3*o = 3*q - 2*o - 91. What is the remainder when q is divided by c(g)?
9
Suppose 0 = -2*b + 5*q - 0*q + 32, 0 = -4*b - 3*q + 90. What is the remainder when (-2)/(-3) - (-2353)/39 is divided by b?
19
Suppose -j + 75 = -40. Suppose -35 = -3*v + j. Calculate the remainder when v is divided by 13.
11
Let r = 5 - 2. Let f(y) = -4 - r + 5 + 6*y - 2*y. What is the remainder when f(4) is divided by 8?
6
Suppose -5*y = -s - 26, -3*y + 5*s - 4 = -2. Calculate the remainder when 71 is divided by (-8)/(y/(-3))*6.
23
Let g = 28 - 18. What is the remainder when 19 is divided by g?
9
Suppose -2*j + 8 = -4*u - 6, -5*j = 2*u - 47. What is the remainder when 13 is divided by (-141)/(-27) - 2/j?
3
Suppose 0*n + n - 92 = -3*i, -5*i + 3*n = -144. Calculate the remainder when 118 is divided by i.
28
Let k = -26 + 27. Calculate the remainder when ((-6)/(-5))/(2/5) is divided by k.
0
Suppose 4*v - 67 + 6 = -5*l, -5*l + 5*v + 25 = 0. What is the remainder when 16 is divided by l?
7
Suppose 0 = 2*i + 5*l - 22 + 1, 2*i - 5*l = -9. Suppose -g - 12 = -4*w + 21, i*g + 27 = 3*w. Calculate the remainder when 23 is divided by w.
7
Let r = -7 + 0. Let j(z) = z**3 + 7*z**2 - z - 3. Calculate the remainder when 14 is divided by j(r).
2
Suppose 181 = 7*t - 92. Calculate the remainder when 116 is divided by t.
38
Suppose t = 5*t - 20, 0 = -3*s + 3*t + 27. What is the remainder when s is divided by 3?
2
Let t(p) = -p**2 - p + 27. Calculate the remainder when 53 is divided by t(0).
26
Let s(r) = r**2 + 3*r - 1. Calculate the remainder when 10 is divided by s(-4).
1
Let g(l) = -l**3 + 3*l**2 + 4*l + 5. Let a be g(4). Suppose 5*z - 1 = -r, -6*z = a*r - 3*z - 5. What is the remainder when 38 is divided by r + 3*-1 + 15?
12
Suppose 0 = 7*h - 8*h + 18. Calculate the remainder when h is divided by 2.
0
Let s(b) = 21*b**2. Let n(k) = k**2 + 8*k + 8. Let m be n(-7). Suppose -4*w = -0*w - 44. What is the remainder when s(m) is divided by w?
10
Suppose 0 = -4*d + 17 - 1, 2*p + 26 = d. Let m = p - -42. What is the remainder when m is divided by 16?
15
Let q be ((-1)/2)/((-2)/(-16)). Let y be q/18 + 40/18. Suppose -4*n + 20 = 4*p, -5*n + 13 + y = 0. What is the remainder when 4 is divided by p?
0
Let g = -4 + 10. Calculate the remainder when g is divided by -8*((-3)/(-2))/(-3).
2
Let s(o) = o - 5. Let d be s(-4). Let c = d - -14. Calculate the remainder when 17 is divided by c.
2
Let o(r) = -2*r + 0*r**2 - 2*r**2 + 2 + 3. Let p be o(-4). What is the remainder when 0 - (0 - p/(-1)) is divided by 11?
8
Let h(t) = 3*t - 1. What is the remainder when 16 is divided by h(2)?
1
Let b(x) = 2*x**2 - 2*x - 1. Let o be b(-1). Suppose 5*g = -o*h + 53, -g - 5*h = 2*g - 19. Calculate the remainder when g is divided by 5.
3
Let y(k) = -5*k - 4. Let b(n) = -n**3 + 3*n**2 - n - 1. Let a be b(3). Calculate the remainder when 47 is divided by y(a).
15
Let a(t) = 2*t**2 + 6*t - 5. Calculate the remainder when 101 is divided by a(-7).
50
Let g = 5 - -6. What is the remainder when 21 is divided by g?
10
Suppose w = 2*w + 1. Let o = w + 6. Suppose -3*q = -4*q + g + 6, -4*q = 3*g + 4. Calculate the remainder when o is divided by q.
1
Suppose 3*n - n = -5*d + 420, -2*d - 2*n = -168. Let u = d - 48. Calculate the remainder when u is divided by 13.
10
Suppose 20 = -3*g + 146. Suppose 3*w = -x - 0*x - g, 14 = -2*w + 4*x. Let n = w - -27. What is the remainder when 40 is divided by n?
12
Suppose -100 = -3*w + 206. Calculate the remainder when w is divided by 21.
18
Suppose 0 = -q - 2*q + 156. Calculate the remainder when q is divided by 11.
8
Let c be 2/4 + 134/4. Suppose 0 = -k - 0*k + c. What is the remainder when k is divided by 9?
7
Let d = 14 + 3. Suppose 4*m - d = 3. What is the remainder when 8 is divided by m?
3
Let x be (-2)/(-4) - 3/(-6). Suppose 4*p - 13 = -x. What is the remainder when p is divided by 2?
1
Let j be 48/9*6/4. Let q = -6 + 10. Suppose -j + 0 = -m - q*c, -53 = -4*m + 5*c. What is the remainder when m is divided by 7?
5
Let n = -90 + 142. What is the remainder when n is divided by 2/6 + 106/6?
16
Suppose 0*p = -5*p + 25. Suppose -4*f - 33 = -p*f. Suppose -335*i + 341*i = 102. Calculate the remainder when f is divided by i.
16
Let a(b) = -5*b - 9. What is the remainder when 63 is divided by a(-5)?
15
Let v = 23 + -7. Suppose 7*z = 2*z + 5*f, 3*z + f = -v. Let i = 10 + z. What is the remainder when 17 is divided by i?
5
What is the remainder when 0 - (-64 + (0 - -1)) is divided by 16?
15
Suppose 9 = 2*m + m + 4*c, -2*m + 6 = -3*c. Calculate the remainder when 7 is divided by m.
1
Suppose -u + 3 - 15 = 0. Let q = 11 - u. Let g(o) = 14*o**3 - o. What is the remainder when q is divided by g(1)?
10
Suppose 3*o = -4*a + 224, 3*o + a - 3*a = 248. Calculate the remainder when o is divided by 42.
38
Suppose 45 - 235 = -3*k - 2*t, -k + 52 = -5*t. Suppose -5*o - 94 - k = -3*i, -2*i + 109 = -5*o. Calculate the remainder when i is divided by 24.
23
Suppose -49 = -2*q - 13. Let w(t) = 2*t + 6. Let a be w(-5). Let c = a + q. What is the remainder when 27 is divided by c?
13
Suppose 31 + 51 = 2*x. What is the remainder when x is divided by 14?
13
Suppose -4 - 1 = -q. Suppose -x - 4*p = 0, q*p - 95 = -5*x - 20. Calculate the remainder when x is divided by 7.
6
Let t be (64/(-6))/(1/(-3)). Suppose -4*g = -0*g - t. Suppose -g*z = -4*z - 56. What is the remainder when z is divided by 5?
4
Let i(n) = 6*n + 2. Let k = 5 + -2. Let y(s) = s**3 - 2*s - 4. Calculate the remainder when i(5) is divided by y(k).
15
Let k be 174/9 + (-2)/(-3). Let z = -2 + k. Calculate the remainder when 53 is divided by z.
17
Let w(f) = -f**3 - 2*f**2 + f + 4. Suppose 3*j + 1 = -11. Let m be w(j). Let s = m + -1. Calculate the remainder when s is divided by 11.
9
Suppose 2*r + 107 = 3*p + 360, -2*p = -r + 128. Let v = 174 - r. Suppose -2*g = -4*g + 36. Calculate the remainder when v is divided by g.
16
Let r = 3 + 20. What is the remainder when (-1)/(-2 - (-405)/204) is divided by r?
22
Suppose -14 - 82 = -2*g. Suppose -3*v - 3 = -g. Calculate the remainder when 43 is divided by v.
13
Suppose 0 = -5*d + 10, 3*d + 122 = 5*l - 277. What is the remainder when l is divided by 21?
18
Suppose 3*k + 35 = -5*s - 14, 